t are the prime factors of f?
2, 41
Suppose 0 = 4*j + 3*i - 18943, -5*j + 26181 = -12*i + 2392. List the prime factors of j.
11, 431
Suppose 0 = -2*y - 2*c + 14, 0*c - 3*c = 9. Let w be 0 - 2 - (-220)/y. Suppose 2*g - 3*z - 8 - 13 = 0, -w = -4*z. List the prime factors of g.
2, 3
Suppose 0 = -2*q + 6*q + 536. Let h be -24 + -1 - (-44)/11. Let w = h - q. What are the prime factors of w?
113
Let t be 2 - 6*3/(-3). Suppose t*g - 622 = -2054. Let x = -74 - g. List the prime factors of x.
3, 5, 7
Let w(b) = -79*b + 252. Let z be w(37). Let x = -1853 - z. What are the prime factors of x?
2, 409
Suppose 3*c + 20 = 26. Let m(d) = -43 + 189 - d**2 + 3*d**c. List the prime factors of m(0).
2, 73
Suppose 2*w = v + 5, 4*w + 4*v - 1 = 39. Suppose 1 = w*i - 14. Suppose -y + 56 = g, 3*g + y - 168 = -i*y. What are the prime factors of g?
2, 7
Suppose -64*r = 2*x - 66*r - 59068, 3*x + r - 88614 = 0. What are the prime factors of x?
29537
Let p = 19626 + 1228. What are the prime factors of p?
2, 10427
Let q(t) = t**3 + 70*t**2 - 514*t - 65. What are the prime factors of q(-70)?
5, 11, 653
Suppose -5*y = 5*n + 15, 2*n - n + 18 = -4*y. Suppose -n*z + 997 = -399. List the prime factors of z.
2, 349
Let x(z) = 29*z**2 - 18*z + 79. Let a be x(4). Let b = a - -419. List the prime factors of b.
2, 5, 89
Let y be ((-9)/12)/((-4)/(-1744)) + 2. Let a = 690 + y. What are the prime factors of a?
5, 73
Let o be 3/((-8)/4 - -3). Suppose 2*t = 9 - o. Suppose -5*l - t*x = -0*l - 236, -3*x + 187 = 4*l. What are the prime factors of l?
7
Let q be 0 + ((-54)/(-3))/3 - 9. List the prime factors of (-31900)/(-33) + 2/q.
2, 3, 7, 23
Let d(g) be the third derivative of -g**4/6 + 40*g**3/3 + 2*g**2. Let p = -32 - -32. List the prime factors of d(p).
2, 5
Let m(d) = -d**3 + d + 15. Let i be m(-3). Let h = 16 - -20. Let u = h + i. List the prime factors of u.
3, 5
Let h(a) = -a**3 - 9*a**2 + 22*a + 3. Let r be h(-11). Suppose r*b = -3*b + 246. List the prime factors of b.
41
Let w be 4/(-22) + 1608/11. Suppose -2219 + w = -3*z. What are the prime factors of z?
691
Let r(y) = 441*y**2 + 184*y - 1829. List the prime factors of r(9).
2, 8887
Let f(u) = -u**2 - 8*u + 6. Let r be f(-10). Let a be (-702)/r - -4*1/(-28). Let d = a + -15. What are the prime factors of d?
5, 7
Let d = 6539 - -5809. What are the prime factors of d?
2, 3, 7
Suppose g = 146 + 359. Suppose 3*o = -4*d + 517, -3*o - 5*d = -4*d - g. List the prime factors of o.
167
Let m(o) be the second derivative of -o**5/10 + o**4/12 - o**3/2 + 7*o**2 + 25*o. List the prime factors of m(-6).
2, 5
Suppose 2*d = -10, -2*d = w + 515 - 14899. What are the prime factors of w?
2, 3, 2399
Suppose -r = q - 18, 3*r + r = -q + 60. Suppose -r*c - 2227 = -31*c. What are the prime factors of c?
131
Suppose 183 = 3*z - 3*p, 94 + 97 = 3*z + p. Let f = -1151 + 1277. Let v = f + z. What are the prime factors of v?
3, 7
Suppose -4*u + 8399 = t, 5*u = -5*t + 8*u + 42133. List the prime factors of t.
8423
Let a be 9*((1 - 7) + 7). Let z(h) = 2*h**3 - 12*h**2 - 6*h - 20. What are the prime factors of z(a)?
2, 103
Suppose -5*z + 197929 = 6*l, 24*l + 164984 = 29*l - 2*z. List the prime factors of l.
2, 3, 13, 47
Let a(j) be the first derivative of -33*j**4/4 - 5*j**2/2 - 6*j + 64. List the prime factors of a(-2).
2, 67
Suppose -11*r - 2*g = -118040, 8*r - 3*g - 10750 = 7*r. What are the prime factors of r?
2, 2683
List the prime factors of ((-12380)/(-30))/(18/459).
17, 619
Let s(o) = -366*o - 135. Let k be s(-6). Let l = k + -1459. List the prime factors of l.
2, 7, 43
Let q(f) = 2*f - 6. Let i be q(7). Let m(k) = -24*k - 27. Let w be m(i). List the prime factors of (0 - w) + (-3 - -6).
2, 3, 37
Let a(m) = 2*m**3 - 124*m**2 + 284*m - 146. What are the prime factors of a(62)?
2, 8731
Let n(h) = 4*h + 4. Let t be n(2). Suppose b - t = -7. List the prime factors of (-4 - 5)/((-1)/b).
3, 5
Let b be -2 + 108/(-6) - -3 - -5. Let l(g) = 4*g**2 + 18*g + 86. What are the prime factors of l(b)?
2, 223
Let i(v) = -v**3 + 34*v**2 + 48*v - 114. List the prime factors of i(32).
2, 5, 347
Suppose j - 183 = -2*i, -j - 2*i = 2*j - 549. Let n = 462 - j. What are the prime factors of n?
3, 31
Let n = 6593 - -3966. What are the prime factors of n?
10559
Let g(w) = w**3 + 2*w**2 - 4*w + 8. Let z(n) = 1. Let d(v) = -g(v) + 4*z(v). Let o be d(-3). Let k(l) = l**2 + 6*l + 5. List the prime factors of k(o).
2, 3
Suppose -19*t = -5*t - 112. Suppose 2*o - f - t = -2*f, 20 = 2*o + 4*f. Suppose d - 4*x + 148 = 2*d, o*d - 2*x = 276. What are the prime factors of d?
2, 5, 7
Let f = 41 - 39. Suppose 5*c = 3*n + 1144, -275 - 189 = -2*c - f*n. What are the prime factors of c?
2, 5, 23
Suppose -6*l - 5823 = -7*l + 2*b, -5*l + 29055 = 5*b. List the prime factors of l.
5, 1163
Suppose 5*h + 5*a = 50, 2 = 5*h - 5*a - 28. What are the prime factors of h/((-8)/(-21))*(52 + 1)?
3, 7, 53
Let a(j) = -1540*j - 2646. List the prime factors of a(-19).
2, 7, 1901
Let c(p) be the first derivative of p**4/4 + p**3 + p**2 - 21. Let i be c(-4). List the prime factors of 2/(-5 + (-123)/i).
2
Let n = -25002 - -43215. List the prime factors of n.
3, 13, 467
Let p be (-2 + 35)/(-3)*364/(-7). Suppose -p = -4*d - 4*s, 2*d - 152 - 139 = 3*s. What are the prime factors of d?
2, 3
Let b be -72 - (100/(-36) + (-12)/54). Let m = b - -116. List the prime factors of m.
47
Suppose -5*h - 4*r = -3*h + 92, -5*h - 182 = -2*r. Let o = 826 + -689. Let k = h + o. What are the prime factors of k?
3, 11
Let s be ((-14)/35)/(1/(-5) - 0). Suppose -2*m - 277 = -2*j + m, 2*j + s*m = 292. List the prime factors of j.
11, 13
Suppose k - 5*o = -6, -4*o = -19*k + 15*k + 8. Suppose -s - 3366 = -k*s. List the prime factors of s.
2, 3, 11, 17
Let r(z) = -z**3 + 11*z**2 + 8*z + 21. Let y be r(12). Let a = y - -27. Suppose a = -15*c - 1751 + 4286. What are the prime factors of c?
13
Let p = -3064 + 3654. What are the prime factors of p?
2, 5, 59
Let f = 120 - 115. Suppose f*o = 63 - 28. Let m(u) = 27*u - 85. What are the prime factors of m(o)?
2, 13
Suppose -2*s + 2*v - 3604 = 0, -2*s - s - v - 5394 = 0. Let u(m) = -m**3 + 4*m**2 + 5*m + 2. Let x be u(5). List the prime factors of (-2)/16*x + s/(-28).
2
Let l be ((-24)/(-9))/((-6)/(-9)). List the prime factors of ((12/(-3))/l)/1*-1469.
13, 113
Let z(p) be the first derivative of 13*p**3/3 + 7*p**2 + 21*p - 52. What are the prime factors of z(-8)?
3, 13, 19
Let j = -30 - 108. Let f = 347 + j. What are the prime factors of f?
11, 19
Suppose -4*x - 3*t - 36 = -2*x, -5*x + 4*t - 44 = 0. Let s be 4/x*(-15)/1. Suppose -5*o + s*q = -350, 0 = 4*o - 2*o + 4*q - 110. List the prime factors of o.
5, 13
Let p = -6316 - -23833. List the prime factors of p.
3, 5839
Let u be 5*-1*(4 + 36/1). Let a = -114 - u. Suppose -3*k = -g + a - 625, k - 183 = g. What are the prime factors of k?
2, 89
Suppose 944818 + 10185 = 35*h - 274267. What are the prime factors of h?
2, 17, 1033
Suppose 6*w = 18*w - 636. Suppose w*j - 306 = 50*j. What are the prime factors of j?
2, 3, 17
Let n be (-16 - -17)*(3 + -2 + -68). Let o = n + 70. List the prime factors of (-1)/((o + -8)/505).
101
Suppose -4*j = -5*n + 254954, -3*n + j + 101978 = -n. What are the prime factors of n?
2, 13, 37, 53
What are the prime factors of (-2)/(-3) + (-12533864)/(-861)?
2, 29, 251
Let j(u) = -u - 18. Let o be j(-14). Let q be 3/9*(o - -1) + -1. List the prime factors of 3*q*(4 - 412/12).
2, 7, 13
Suppose 4 - 12 = -5*l - 2*w, -l - 3*w = 1. Suppose -533 = -l*x - k, 244 = x + 4*k + k. What are the prime factors of x?
269
Suppose 18*y - 74067 = 30*y - 15*y. What are the prime factors of y?
7, 3527
Suppose p = -2*u + 2382, 0*p - 3*p = -4*u + 4754. Suppose 6*v = u + 964. List the prime factors of v.
359
Let s = 14283 - 6244. What are the prime factors of s?
8039
Let s be 4443/(-15)*-5 + 7. Let i = s + -949. What are the prime factors of i?
7, 11
Let q(v) be the first derivative of 11*v**5/60 - 17*v**4/24 + 4*v**3/3 - 1. Let t(k) be the third derivative of q(k). What are the prime factors of t(4)?
71
Suppose 2*f + w = 29381, 7*f - 73435 = 2*f + w. List the prime factors of f.
2, 3, 17
Let o = 48 + -51. List the prime factors of ((-7)/(-70)*-4)/(o/3270).
2, 109
Suppose 4*y - 120565 = -j, -2*y - 10*j = -9*j - 60281. What are the prime factors of y?
2,